{"id":90,"date":"2022-06-07T22:38:25","date_gmt":"2022-06-07T20:38:25","guid":{"rendered":"http:\/\/2022.lesjardinsdemaud.be\/?page_id=90"},"modified":"2022-08-25T12:39:02","modified_gmt":"2022-08-25T10:39:02","slug":"atelier-parents-bebes-autour-du-massage-pour-bebe","status":"publish","type":"page","link":"https:\/\/lesjardinsdemaud.be\/index.php\/atelier-parents-bebes-autour-du-massage-pour-bebe\/","title":{"rendered":"Rencontre autour du massage des b\u00e9b\u00e9s"},"content":{"rendered":"\n<p>Nous proposons gratuitement des cours collectifs de massages pour b\u00e9b\u00e9s. Ces s\u00e9ances se r\u00e9alisent sur rendez-vous en semaine. Etant certifi\u00e9 par l\u2019Association de Massage pour B\u00e9b\u00e9, nous suivons leur protocole de s\u00e9ances de mani\u00e8re rigoureuse. Nous mettons en avant l\u2019\u00e9change entre parents par le biais de questions ouvertes amenant \u00e0 l\u2019\u00e9change. Nous proposons des articles et des supports p\u00e9dagogiques aux parents comme il est pr\u00e9conis\u00e9 par l\u2019<a href=\"https:\/\/www.associationbelgemassagebebe.be\/\">ABMBB<\/a>. <\/p>\n\n\n\n<div class=\"wp-block-media-text alignwide is-stacked-on-mobile\"><figure class=\"wp-block-media-text__media\"><img loading=\"lazy\" decoding=\"async\" width=\"679\" height=\"1024\" src=\"http:\/\/2022.lesjardinsdemaud.be\/wp-content\/uploads\/2022\/08\/IMG_3662-679x1024.jpg\" alt=\"\" class=\"wp-image-504 size-full\" srcset=\"https:\/\/lesjardinsdemaud.be\/wp-content\/uploads\/2022\/08\/IMG_3662-679x1024.jpg 679w, https:\/\/lesjardinsdemaud.be\/wp-content\/uploads\/2022\/08\/IMG_3662-199x300.jpg 199w, https:\/\/lesjardinsdemaud.be\/wp-content\/uploads\/2022\/08\/IMG_3662-768x1159.jpg 768w, https:\/\/lesjardinsdemaud.be\/wp-content\/uploads\/2022\/08\/IMG_3662-1018x1536.jpg 1018w, https:\/\/lesjardinsdemaud.be\/wp-content\/uploads\/2022\/08\/IMG_3662-1358x2048.jpg 1358w, https:\/\/lesjardinsdemaud.be\/wp-content\/uploads\/2022\/08\/IMG_3662-scaled.jpg 1697w\" sizes=\"auto, (max-width: 679px) 100vw, 679px\" \/><\/figure><div class=\"wp-block-media-text__content\">\n<p>Nous partons aussi sur des th\u00e9matiques sp\u00e9cifiques selon les groupes de parents et nous nous appuyons parfois uniquement sur le v\u00e9cu des familles.<br>Cet atelier est anim\u00e9 par les membres de l\u2019\u00e9quipe du lieu de rencontre brevet\u00e9 comme instructeur en massages b\u00e9b\u00e9s par l\u2019institut international de massages pour b\u00e9b\u00e9s IAMBB. <\/p>\n\n\n\n<p>Bas\u00e9 sur diff\u00e9rentes techniques, ce protocole se pr\u00e9occupe de l\u2019ensemble du corps. Il favorise entre autre, l\u2019int\u00e9gration du sch\u00e9ma corporel, la d\u00e9tente des articulations et l\u2019att\u00e9nuation de certains maux (tels que les coliques, constipations, troubles du sommeil\u2026)<\/p>\n<\/div><\/div>\n\n\n\n<p> <\/p>\n\n\n\n<p><strong><em>Cette communication par le toucher sensori-moteur aide l\u2019enfant \u00e0 construire son identit\u00e9 et \u00eatre disponible \u00e0 son environnement.<\/em><\/strong><\/p>\n\n\n\n<div class=\"wp-block-media-text alignwide has-media-on-the-right is-stacked-on-mobile\"><figure class=\"wp-block-media-text__media\"><img loading=\"lazy\" decoding=\"async\" width=\"650\" height=\"1024\" src=\"http:\/\/2022.lesjardinsdemaud.be\/wp-content\/uploads\/2022\/08\/IMG_3728-Modifier-1-650x1024.jpg\" alt=\"\" class=\"wp-image-506 size-full\" srcset=\"https:\/\/lesjardinsdemaud.be\/wp-content\/uploads\/2022\/08\/IMG_3728-Modifier-1-650x1024.jpg 650w, https:\/\/lesjardinsdemaud.be\/wp-content\/uploads\/2022\/08\/IMG_3728-Modifier-1-191x300.jpg 191w, https:\/\/lesjardinsdemaud.be\/wp-content\/uploads\/2022\/08\/IMG_3728-Modifier-1-768x1209.jpg 768w, https:\/\/lesjardinsdemaud.be\/wp-content\/uploads\/2022\/08\/IMG_3728-Modifier-1-975x1536.jpg 975w, https:\/\/lesjardinsdemaud.be\/wp-content\/uploads\/2022\/08\/IMG_3728-Modifier-1-1300x2048.jpg 1300w, https:\/\/lesjardinsdemaud.be\/wp-content\/uploads\/2022\/08\/IMG_3728-Modifier-1.jpg 1531w\" sizes=\"auto, (max-width: 650px) 100vw, 650px\" \/><\/figure><div class=\"wp-block-media-text__content\">\n<p>L\u2019atelier se d\u00e9roule dans les locaux de la halte-garderie. Le protocole s\u2019\u00e9chelonne sur 5 s\u00e9ances de 45 minutes minimum. toutes les s\u00e9ances se font selon le rythme des enfants et leurs \u00e9tats de conscience. <\/p>\n\n\n\n<p>Cette notion bas\u00e9e sur le travail du docteur  Brazelton est tr\u00e8s importante dans nos s\u00e9ances car elle d\u00e9finit le rythme de celle-ci. Nous montrons les mouvement sur une poup\u00e9e que les parents reproduise sur leur enfant ou \u00e9galement sur une poup\u00e9e. Nous ne massons jamais les enfants nous-m\u00eames. Nous demandons qu\u2019un seul parent masse son enfant par s\u00e9ance. L&rsquo;autre parent pourra faire les mouvements sur une poup\u00e9e.<\/p>\n<\/div><\/div>\n\n\n\n<p><br><\/p>\n\n\n\n<p>L\u2019objectif de ces cours, selon l\u2019AMBB, est la mise en avant du \u00ab toucher sain \u00bb afin de soutenir la relation enfant parent. Nous poursuivons cet objectif en essayant de mettre l\u2019accent sur l\u2019aspect collectif et le soutien \u00e0 la parentalit\u00e9.<\/p>\n","protected":false},"excerpt":{"rendered":"<p>Nous proposons gratuitement des cours collectifs de massages pour b\u00e9b\u00e9s. Ces s\u00e9ances se r\u00e9alisent sur rendez-vous en semaine. Etant certifi\u00e9 par l\u2019Association de Massage pour B\u00e9b\u00e9, nous suivons leur protocole de s\u00e9ances de mani\u00e8re rigoureuse. Nous mettons en avant l\u2019\u00e9change &hellip; <\/p>\n","protected":false},"author":1,"featured_media":0,"parent":0,"menu_order":0,"comment_status":"closed","ping_status":"closed","template":"","meta":{"ngg_post_thumbnail":0,"footnotes":""},"class_list":["post-90","page","type-page","status-publish","hentry"],"jetpack_sharing_enabled":true,"_links":{"self":[{"href":"https:\/\/lesjardinsdemaud.be\/index.php\/wp-json\/wp\/v2\/pages\/90","targetHints":{"allow":["GET"]}}],"collection":[{"href":"https:\/\/lesjardinsdemaud.be\/index.php\/wp-json\/wp\/v2\/pages"}],"about":[{"href":"https:\/\/lesjardinsdemaud.be\/index.php\/wp-json\/wp\/v2\/types\/page"}],"author":[{"embeddable":true,"href":"https:\/\/lesjardinsdemaud.be\/index.php\/wp-json\/wp\/v2\/users\/1"}],"replies":[{"embeddable":true,"href":"https:\/\/lesjardinsdemaud.be\/index.php\/wp-json\/wp\/v2\/comments?post=90"}],"version-history":[{"count":4,"href":"https:\/\/lesjardinsdemaud.be\/index.php\/wp-json\/wp\/v2\/pages\/90\/revisions"}],"predecessor-version":[{"id":570,"href":"https:\/\/lesjardinsdemaud.be\/index.php\/wp-json\/wp\/v2\/pages\/90\/revisions\/570"}],"wp:attachment":[{"href":"https:\/\/lesjardinsdemaud.be\/index.php\/wp-json\/wp\/v2\/media?parent=90"}],"curies":[{"name":"wp","href":"https:\/\/api.w.org\/{rel}","templated":true}]}}

Rencontre autour du massage des bébés

<p>Nous proposons gratuitement des cours collectifs de massages pour bébés. Ces séances se réalisent sur rendez-vous en semaine. Etant certifié par l’Association de Massage pour Bébé, nous suivons leur protocole de séances de manière rigoureuse. Nous mettons en avant l’échange entre parents par le biais de questions ouvertes amenant à l’échange. Nous proposons des articles et des supports pédagogiques aux parents comme il est préconisé par l’<a href="https://www.associationbelgemassagebebe.be/">ABMBB</a>. </p>



<div class="wp-block-media-text alignwide is-stacked-on-mobile"><figure class="wp-block-media-text__media"><img loading="lazy" decoding="async" width="679" height="1024" src="http://2022.lesjardinsdemaud.be/wp-content/uploads/2022/08/IMG_3662-679x1024.jpg" alt="" class="wp-image-504 size-full" srcset="https://lesjardinsdemaud.be/wp-content/uploads/2022/08/IMG_3662-679x1024.jpg 679w, https://lesjardinsdemaud.be/wp-content/uploads/2022/08/IMG_3662-199x300.jpg 199w, https://lesjardinsdemaud.be/wp-content/uploads/2022/08/IMG_3662-768x1159.jpg 768w, https://lesjardinsdemaud.be/wp-content/uploads/2022/08/IMG_3662-1018x1536.jpg 1018w, https://lesjardinsdemaud.be/wp-content/uploads/2022/08/IMG_3662-1358x2048.jpg 1358w, https://lesjardinsdemaud.be/wp-content/uploads/2022/08/IMG_3662-scaled.jpg 1697w" sizes="auto, (max-width: 679px) 100vw, 679px" /></figure><div class="wp-block-media-text__content">
<p>Nous partons aussi sur des thématiques spécifiques selon les groupes de parents et nous nous appuyons parfois uniquement sur le vécu des familles.<br>Cet atelier est animé par les membres de l’équipe du lieu de rencontre breveté comme instructeur en massages bébés par l’institut international de massages pour bébés IAMBB. </p>



<p>Basé sur différentes techniques, ce protocole se préoccupe de l’ensemble du corps. Il favorise entre autre, l’intégration du schéma corporel, la détente des articulations et l’atténuation de certains maux (tels que les coliques, constipations, troubles du sommeil…)</p>
</div></div>



<p> </p>



<p><strong><em>Cette communication par le toucher sensori-moteur aide l’enfant à construire son identité et être disponible à son environnement.</em></strong></p>



<div class="wp-block-media-text alignwide has-media-on-the-right is-stacked-on-mobile"><figure class="wp-block-media-text__media"><img loading="lazy" decoding="async" width="650" height="1024" src="http://2022.lesjardinsdemaud.be/wp-content/uploads/2022/08/IMG_3728-Modifier-1-650x1024.jpg" alt="" class="wp-image-506 size-full" srcset="https://lesjardinsdemaud.be/wp-content/uploads/2022/08/IMG_3728-Modifier-1-650x1024.jpg 650w, https://lesjardinsdemaud.be/wp-content/uploads/2022/08/IMG_3728-Modifier-1-191x300.jpg 191w, https://lesjardinsdemaud.be/wp-content/uploads/2022/08/IMG_3728-Modifier-1-768x1209.jpg 768w, https://lesjardinsdemaud.be/wp-content/uploads/2022/08/IMG_3728-Modifier-1-975x1536.jpg 975w, https://lesjardinsdemaud.be/wp-content/uploads/2022/08/IMG_3728-Modifier-1-1300x2048.jpg 1300w, https://lesjardinsdemaud.be/wp-content/uploads/2022/08/IMG_3728-Modifier-1.jpg 1531w" sizes="auto, (max-width: 650px) 100vw, 650px" /></figure><div class="wp-block-media-text__content">
<p>L’atelier se déroule dans les locaux de la halte-garderie. Le protocole s’échelonne sur 5 séances de 45 minutes minimum. toutes les séances se font selon le rythme des enfants et leurs états de conscience. </p>



<p>Cette notion basée sur le travail du docteur  Brazelton est très importante dans nos séances car elle définit le rythme de celle-ci. Nous montrons les mouvement sur une poupée que les parents reproduise sur leur enfant ou également sur une poupée. Nous ne massons jamais les enfants nous-mêmes. Nous demandons qu’un seul parent masse son enfant par séance. L&rsquo;autre parent pourra faire les mouvements sur une poupée.</p>
</div></div>



<p><br></p>



<p>L’objectif de ces cours, selon l’AMBB, est la mise en avant du « toucher sain » afin de soutenir la relation enfant parent. Nous poursuivons cet objectif en essayant de mettre l’accent sur l’aspect collectif et le soutien à la parentalité.</p>

<p>Nous proposons gratuitement des cours collectifs de massages pour bébés. Ces séances se réalisent sur rendez-vous en semaine. Etant certifié par l’Association de Massage pour Bébé, nous suivons leur protocole de séances de manière rigoureuse. Nous mettons en avant l’échange &hellip; </p>
