{"id":86,"date":"2022-06-07T22:24:13","date_gmt":"2022-06-07T20:24:13","guid":{"rendered":"http:\/\/2022.lesjardinsdemaud.be\/?page_id=86"},"modified":"2022-08-25T09:47:14","modified_gmt":"2022-08-25T07:47:14","slug":"les-principes-de-notre-lieu-de-rencontre","status":"publish","type":"page","link":"https:\/\/lesjardinsdemaud.be\/index.php\/les-principes-de-notre-lieu-de-rencontre\/","title":{"rendered":"Les Principes de notre lieu de rencontre"},"content":{"rendered":"\n<ul class=\"wp-block-list\"><li>L\u2019accueil des enfants de 3 mois \u00e0 3 ans (toutefois des am\u00e9nagements pour les enfants jusqu\u2019\u00e0 6 ans est possible s\u2019il s\u2019agit de grand fr\u00e8re ou de grande s\u0153ur),&nbsp; accompagn\u00e9s&nbsp; d\u2019un&nbsp; parent&nbsp; ou d\u2019un adulte responsable.&nbsp;<\/li><li>Poser un cadre visant le respect de l\u2019anonymat ou au minimum la confidentialit\u00e9, l\u2019\u00e9galit\u00e9 dans les \u00e9changes et le non jugement.<\/li><li>&nbsp;L\u2019absence de&nbsp; vis\u00e9es&nbsp; th\u00e9rapeutiques,&nbsp; tant&nbsp; \u00e0 l\u2019\u00e9gard des enfants que des familles. Proposer des activit\u00e9s d\u2019\u00e9veil vari\u00e9es ouvrant les horizons de la diversit\u00e9 des cultures et proposant un travail de&nbsp; m\u00e9diation&nbsp; artistique&nbsp; vers&nbsp; les&nbsp; familles.<\/li><li>&nbsp;Mettre en avant la relation du parent et son enfant avec des activit\u00e9s de psychomotricit\u00e9 relationnelle.<\/li><li>Le mat\u00e9riel est \u00e0 leur disposition et les encadrants invitent aux jeux.<\/li><li>&nbsp;Proposer un&nbsp; cadre&nbsp; clair&nbsp; mais&nbsp; flexible&nbsp; dans&nbsp; le d\u00e9roulement&nbsp; des&nbsp; s\u00e9ances&nbsp; afin&nbsp; de&nbsp; proposer&nbsp; \u00e0 tous un moment de d\u00e9tente et de convivialit\u00e9 o\u00f9 chacun trouve sa place.<\/li><\/ul>\n\n\n\n<figure class=\"wp-block-image size-large\"><img loading=\"lazy\" decoding=\"async\" width=\"1024\" height=\"410\" src=\"http:\/\/2022.lesjardinsdemaud.be\/wp-content\/uploads\/2022\/06\/bulle-geante-1024x410.jpg\" alt=\"\" class=\"wp-image-215\" srcset=\"https:\/\/lesjardinsdemaud.be\/wp-content\/uploads\/2022\/06\/bulle-geante-1024x410.jpg 1024w, https:\/\/lesjardinsdemaud.be\/wp-content\/uploads\/2022\/06\/bulle-geante-300x120.jpg 300w, https:\/\/lesjardinsdemaud.be\/wp-content\/uploads\/2022\/06\/bulle-geante-768x308.jpg 768w, https:\/\/lesjardinsdemaud.be\/wp-content\/uploads\/2022\/06\/bulle-geante-1536x616.jpg 1536w, https:\/\/lesjardinsdemaud.be\/wp-content\/uploads\/2022\/06\/bulle-geante.jpg 1594w\" sizes=\"auto, (max-width: 1024px) 100vw, 1024px\" \/><\/figure>\n","protected":false},"excerpt":{"rendered":"<p>L\u2019accueil des enfants de 3 mois \u00e0 3 ans (toutefois des am\u00e9nagements pour les enfants jusqu\u2019\u00e0 6 ans est possible s\u2019il s\u2019agit de grand fr\u00e8re ou de grande s\u0153ur),&nbsp; accompagn\u00e9s&nbsp; d\u2019un&nbsp; parent&nbsp; ou d\u2019un adulte responsable.&nbsp; Poser un cadre visant &hellip; <\/p>\n","protected":false},"author":1,"featured_media":0,"parent":0,"menu_order":0,"comment_status":"closed","ping_status":"closed","template":"","meta":{"ngg_post_thumbnail":0,"footnotes":""},"class_list":["post-86","page","type-page","status-publish","hentry"],"jetpack_sharing_enabled":true,"_links":{"self":[{"href":"https:\/\/lesjardinsdemaud.be\/index.php\/wp-json\/wp\/v2\/pages\/86","targetHints":{"allow":["GET"]}}],"collection":[{"href":"https:\/\/lesjardinsdemaud.be\/index.php\/wp-json\/wp\/v2\/pages"}],"about":[{"href":"https:\/\/lesjardinsdemaud.be\/index.php\/wp-json\/wp\/v2\/types\/page"}],"author":[{"embeddable":true,"href":"https:\/\/lesjardinsdemaud.be\/index.php\/wp-json\/wp\/v2\/users\/1"}],"replies":[{"embeddable":true,"href":"https:\/\/lesjardinsdemaud.be\/index.php\/wp-json\/wp\/v2\/comments?post=86"}],"version-history":[{"count":2,"href":"https:\/\/lesjardinsdemaud.be\/index.php\/wp-json\/wp\/v2\/pages\/86\/revisions"}],"predecessor-version":[{"id":544,"href":"https:\/\/lesjardinsdemaud.be\/index.php\/wp-json\/wp\/v2\/pages\/86\/revisions\/544"}],"wp:attachment":[{"href":"https:\/\/lesjardinsdemaud.be\/index.php\/wp-json\/wp\/v2\/media?parent=86"}],"curies":[{"name":"wp","href":"https:\/\/api.w.org\/{rel}","templated":true}]}}

<ul class="wp-block-list"><li>L’accueil des enfants de 3 mois à 3 ans (toutefois des aménagements pour les enfants jusqu’à 6 ans est possible s’il s’agit de grand frère ou de grande sœur),&nbsp; accompagnés&nbsp; d’un&nbsp; parent&nbsp; ou d’un adulte responsable.&nbsp;</li><li>Poser un cadre visant le respect de l’anonymat ou au minimum la confidentialité, l’égalité dans les échanges et le non jugement.</li><li>&nbsp;L’absence de&nbsp; visées&nbsp; thérapeutiques,&nbsp; tant&nbsp; à l’égard des enfants que des familles. Proposer des activités d’éveil variées ouvrant les horizons de la diversité des cultures et proposant un travail de&nbsp; médiation&nbsp; artistique&nbsp; vers&nbsp; les&nbsp; familles.</li><li>&nbsp;Mettre en avant la relation du parent et son enfant avec des activités de psychomotricité relationnelle.</li><li>Le matériel est à leur disposition et les encadrants invitent aux jeux.</li><li>&nbsp;Proposer un&nbsp; cadre&nbsp; clair&nbsp; mais&nbsp; flexible&nbsp; dans&nbsp; le déroulement&nbsp; des&nbsp; séances&nbsp; afin&nbsp; de&nbsp; proposer&nbsp; à tous un moment de détente et de convivialité où chacun trouve sa place.</li></ul>



<figure class="wp-block-image size-large"><img loading="lazy" decoding="async" width="1024" height="410" src="http://2022.lesjardinsdemaud.be/wp-content/uploads/2022/06/bulle-geante-1024x410.jpg" alt="" class="wp-image-215" srcset="https://lesjardinsdemaud.be/wp-content/uploads/2022/06/bulle-geante-1024x410.jpg 1024w, https://lesjardinsdemaud.be/wp-content/uploads/2022/06/bulle-geante-300x120.jpg 300w, https://lesjardinsdemaud.be/wp-content/uploads/2022/06/bulle-geante-768x308.jpg 768w, https://lesjardinsdemaud.be/wp-content/uploads/2022/06/bulle-geante-1536x616.jpg 1536w, https://lesjardinsdemaud.be/wp-content/uploads/2022/06/bulle-geante.jpg 1594w" sizes="auto, (max-width: 1024px) 100vw, 1024px" /></figure>

<p>L’accueil des enfants de 3 mois à 3 ans (toutefois des aménagements pour les enfants jusqu’à 6 ans est possible s’il s’agit de grand frère ou de grande sœur),&nbsp; accompagnés&nbsp; d’un&nbsp; parent&nbsp; ou d’un adulte responsable.&nbsp; Poser un cadre visant &hellip; </p>
