{"id":249,"date":"2022-08-03T11:43:04","date_gmt":"2022-08-03T09:43:04","guid":{"rendered":"https:\/\/2022.lesjardinsdemaud.be\/?page_id=249"},"modified":"2024-11-22T16:06:19","modified_gmt":"2024-11-22T15:06:19","slug":"a-propos","status":"publish","type":"page","link":"https:\/\/lesjardinsdemaud.be\/index.php\/a-propos\/","title":{"rendered":"A propos"},"content":{"rendered":"\n<p><strong>Bienvenue sur le site de notre association !<\/strong><\/p>\n\n\n\n<p>\ud83d\udc49 <strong>Grande nouvelle !<\/strong> Notre ASBL a d\u00e9m\u00e9nag\u00e9 et se trouve d\u00e9sormais au <strong>49 rue de la Roue, 1000<\/strong> <strong>Bruxelles.<\/strong><\/p>\n\n\n\n<p><\/p>\n","protected":false},"excerpt":{"rendered":"<p>Bienvenue sur le site de notre association ! \ud83d\udc49 Grande nouvelle ! Notre ASBL a d\u00e9m\u00e9nag\u00e9 et se trouve d\u00e9sormais au 49 rue de la Roue, 1000 Bruxelles.<\/p>\n","protected":false},"author":1,"featured_media":217,"parent":0,"menu_order":0,"comment_status":"closed","ping_status":"closed","template":"","meta":{"ngg_post_thumbnail":0,"footnotes":""},"class_list":["post-249","page","type-page","status-publish","has-post-thumbnail","hentry"],"jetpack_sharing_enabled":true,"_links":{"self":[{"href":"https:\/\/lesjardinsdemaud.be\/index.php\/wp-json\/wp\/v2\/pages\/249","targetHints":{"allow":["GET"]}}],"collection":[{"href":"https:\/\/lesjardinsdemaud.be\/index.php\/wp-json\/wp\/v2\/pages"}],"about":[{"href":"https:\/\/lesjardinsdemaud.be\/index.php\/wp-json\/wp\/v2\/types\/page"}],"author":[{"embeddable":true,"href":"https:\/\/lesjardinsdemaud.be\/index.php\/wp-json\/wp\/v2\/users\/1"}],"replies":[{"embeddable":true,"href":"https:\/\/lesjardinsdemaud.be\/index.php\/wp-json\/wp\/v2\/comments?post=249"}],"version-history":[{"count":9,"href":"https:\/\/lesjardinsdemaud.be\/index.php\/wp-json\/wp\/v2\/pages\/249\/revisions"}],"predecessor-version":[{"id":1889,"href":"https:\/\/lesjardinsdemaud.be\/index.php\/wp-json\/wp\/v2\/pages\/249\/revisions\/1889"}],"wp:featuredmedia":[{"embeddable":true,"href":"https:\/\/lesjardinsdemaud.be\/index.php\/wp-json\/wp\/v2\/media\/217"}],"wp:attachment":[{"href":"https:\/\/lesjardinsdemaud.be\/index.php\/wp-json\/wp\/v2\/media?parent=249"}],"curies":[{"name":"wp","href":"https:\/\/api.w.org\/{rel}","templated":true}]}}