{"id":2119,"date":"2025-08-25T13:49:47","date_gmt":"2025-08-25T11:49:47","guid":{"rendered":"https:\/\/lesjardinsdemaud.be\/?page_id=2119"},"modified":"2025-08-25T13:49:49","modified_gmt":"2025-08-25T11:49:49","slug":"contact-inclusion","status":"publish","type":"page","link":"https:\/\/lesjardinsdemaud.be\/index.php\/contact-inclusion\/","title":{"rendered":"Contact inclusion"},"content":{"rendered":"\n<p>Pour toute demande d\u2019information sur notre projet inclusion et bien-\u00eatre :<\/p>\n\n\n\n<p><a href=\"mailto:claudiejdm@gmail.com\">claudiejdm@gmail.com<\/a><\/p>\n\n\n\n<p>(Pour information, cet email n\u2019est consult\u00e9 que les jeudis, vendredis et un mercredi sur deux).<\/p>\n\n\n\n<p>Nous nous d\u00e9pla\u00e7ons volontiers en rendez-vous pr\u00e9alable. N\u2019h\u00e9sitez pas \u00e0 nous contacter par email pour convenir d\u2019un rendez-vous.<\/p>\n","protected":false},"excerpt":{"rendered":"<p>Pour toute demande d\u2019information sur notre projet inclusion et bien-\u00eatre : claudiejdm@gmail.com (Pour information, cet email n\u2019est consult\u00e9 que les jeudis, vendredis et un mercredi sur deux). Nous nous d\u00e9pla\u00e7ons volontiers en rendez-vous pr\u00e9alable. N\u2019h\u00e9sitez pas \u00e0 nous contacter par &hellip; <\/p>\n","protected":false},"author":1,"featured_media":0,"parent":0,"menu_order":0,"comment_status":"closed","ping_status":"closed","template":"","meta":{"ngg_post_thumbnail":0,"footnotes":""},"class_list":["post-2119","page","type-page","status-publish","hentry"],"jetpack_sharing_enabled":true,"_links":{"self":[{"href":"https:\/\/lesjardinsdemaud.be\/index.php\/wp-json\/wp\/v2\/pages\/2119","targetHints":{"allow":["GET"]}}],"collection":[{"href":"https:\/\/lesjardinsdemaud.be\/index.php\/wp-json\/wp\/v2\/pages"}],"about":[{"href":"https:\/\/lesjardinsdemaud.be\/index.php\/wp-json\/wp\/v2\/types\/page"}],"author":[{"embeddable":true,"href":"https:\/\/lesjardinsdemaud.be\/index.php\/wp-json\/wp\/v2\/users\/1"}],"replies":[{"embeddable":true,"href":"https:\/\/lesjardinsdemaud.be\/index.php\/wp-json\/wp\/v2\/comments?post=2119"}],"version-history":[{"count":1,"href":"https:\/\/lesjardinsdemaud.be\/index.php\/wp-json\/wp\/v2\/pages\/2119\/revisions"}],"predecessor-version":[{"id":2120,"href":"https:\/\/lesjardinsdemaud.be\/index.php\/wp-json\/wp\/v2\/pages\/2119\/revisions\/2120"}],"wp:attachment":[{"href":"https:\/\/lesjardinsdemaud.be\/index.php\/wp-json\/wp\/v2\/media?parent=2119"}],"curies":[{"name":"wp","href":"https:\/\/api.w.org\/{rel}","templated":true}]}}