{"id":2103,"date":"2025-08-25T12:13:24","date_gmt":"2025-08-25T10:13:24","guid":{"rendered":"https:\/\/lesjardinsdemaud.be\/?page_id=2103"},"modified":"2025-08-25T13:44:49","modified_gmt":"2025-08-25T11:44:49","slug":"inclusion-et-bien-etre-aux-jardins-de-maud","status":"publish","type":"page","link":"https:\/\/lesjardinsdemaud.be\/index.php\/inclusion-et-bien-etre-aux-jardins-de-maud\/","title":{"rendered":"Inclusion et bien-\u00eatre aux Jardins de Maud"},"content":{"rendered":"\n<p>Dans le cadre du projet \u201cInclusion et bien-\u00eatre\u201d les Jardins de Maud, subsidi\u00e9s par Cap 48, proposent un partenariat aux institutions bruxelloises. Nous mettons notre savoir-faire et notre savoir-\u00eatre au service de votre public.<\/p>\n\n\n\n<p>Le projet \u201cinclusion et bien-\u00eatre\u201d s\u2019inscrit dans une d\u00e9marche pr\u00e9ventive \u00e0 l\u2019attention des nouveaux parents pour leur apporter du soutien dans les premiers mois de vie de leur b\u00e9b\u00e9. C\u2019est une p\u00e9riode propice au d\u00e9veloppement d\u2019un lien d\u2019attachement s\u00e9cure entre le parent et l\u2019enfant. Pour cela, il faut prendre le temps de se d\u00e9couvrir, d\u2019apprendre \u00e0 se conna\u00eetre et d\u2019acqu\u00e9rir des comp\u00e9tences parentales. Or, les familles ne trouvent pas forc\u00e9ment cette disponibilit\u00e9, en particulier si elles se trouvent en situation de pr\u00e9carit\u00e9. Notre projet leur offre cette respiration, cet entre-deux, un temps \u201cici et maintenant\u201d.<\/p>\n\n\n\n<ol class=\"wp-block-list\">\n<li><strong>Rencontres autour du massage b\u00e9b\u00e9<\/strong><\/li>\n<\/ol>\n\n\n\n<p>Nos instructeur et instructrices en massage pour b\u00e9b\u00e9 (IAIM) se d\u00e9placent dans votre structure pour un cycle de cinq s\u00e9ances de groupe :<\/p>\n\n\n\n<ul class=\"wp-block-list\">\n<li>Votre public b\u00e9n\u00e9ficie du service sur place, l\u00e0 o\u00f9 ils ont leurs rep\u00e8res<\/li>\n\n\n\n<li>Vos nouveaux parents acqui\u00e8rent ou renforcent leurs comp\u00e9tences parentales gr\u00e2ce aux contenus th\u00e9orique et pratique des s\u00e9ances<\/li>\n\n\n\n<li>Vos nouveaux parents ont l\u2019opportunit\u00e9 de partager leurs difficult\u00e9s avec leurs pairs durant les discussions de groupe<\/li>\n<\/ul>\n\n\n\n<p><strong>Concr\u00e8tement, pour les groupes de massage pour b\u00e9b\u00e9 au sein de votre institution :<\/strong><\/p>\n\n\n\n<ul class=\"wp-block-list\">\n<li>minimum 3 familles, maximum 6 familles<\/li>\n\n\n\n<li>enfants \u00e2g\u00e9s de maximum 10 mois<\/li>\n\n\n\n<li>Les familles doivent s\u2019engager \u00e0 venir aux cinq s\u00e9ances hebdomadaires<\/li>\n\n\n\n<li>Les s\u00e9ances ont lieu soit le jeudi, soit le vendredi<\/li>\n\n\n\n<li>Votre institution met un local \u00e0 disposition<\/li>\n\n\n\n<li>Les Jardins de Maud fournissent tout le mat\u00e9riel n\u00e9cessaire au massage (huile, farde, al\u00e8ses, etc.)<\/li>\n\n\n\n<li>Signature d\u2019une convention de collaboration pr\u00e9alable<\/li>\n<\/ul>\n\n\n\n<p><strong>2. Rencontres autour du bien-\u00eatre au sein de votre institution<\/strong><\/p>\n\n\n\n<p>De nombreuses \u00e9tudes montrent les effets b\u00e9n\u00e9fiques de l\u2019acc\u00e8s au sport en g\u00e9n\u00e9ral et aux pratiques psychocorporelles en particulier pour les femmes en situation de pr\u00e9carit\u00e9. Les objectifs de notre programme de rencontres autour du bien-\u00eatre sont multiples : prendre du temps pour soi, d\u00e9velopper l\u2019estime de soi, d\u00e9velopper le lien social des femmes et permettre aux plus isol\u00e9es de sortir de situations de solitude\u2026 Nous esp\u00e9rons soutenir les participantes dans le d\u00e9veloppement de leur autonomisation alors qu\u2019elles se trouvent souvent assign\u00e9es \u00e0 un r\u00f4le genr\u00e9 centr\u00e9 sur la sph\u00e8re domestique et familiale et dans leur parcours d\u2019insertion.<\/p>\n\n\n\n<p>Notre psychomotricienne et enseignante de yoga propose \u00e9galement des s\u00e9ances de yoga ou de bien-\u00eatre \u00e0 l\u2019attention des mamans pendant la p\u00e9riode p\u00e9rinatale (pr\u00e9 et post). Ces s\u00e9ances peuvent aussi s\u2019organiser dans votre institution.<\/p>\n\n\n\n<p>Les rencontres autour du bien-\u00eatre se d\u00e9roulent par cycle de 5 s\u00e9ances, elles durent une heure, en groupe. Les m\u00e9dias propos\u00e9s sont divers et adapt\u00e9s au contexte : yoga, relaxation, expression corporelle, auto-massages, discussions\u2026<\/p>\n\n\n\n<p><strong>Concr\u00e8tement, pour les groupes de bien-\u00eatre dans votre institution :<\/strong><\/p>\n\n\n\n<ul class=\"wp-block-list\">\n<li>minimum 3 participantes, maximum 6 ou 8 participantes (en fonction de la salle mise \u00e0 disposition)<\/li>\n\n\n\n<li>femmes en p\u00e9riode pr\u00e9 ou post natale<\/li>\n\n\n\n<li>Comprendre soit le fran\u00e7ais, soit l\u2019anglais (pas d\u2019interpr\u00e8te disponible)<\/li>\n\n\n\n<li>Public pr\u00e9caris\u00e9 et ou isol\u00e9 (projet subsidi\u00e9 par Cap48)<\/li>\n\n\n\n<li>Possibilit\u00e9 d\u2019inscrire des participantes diff\u00e9rentes chaque semaine<\/li>\n\n\n\n<li>Les s\u00e9ances ont lieu soit le jeudi, soit le vendredi<\/li>\n\n\n\n<li>Votre institution met un local \u00e0 disposition<\/li>\n\n\n\n<li>Les Jardins de Maud fournissent tout le mat\u00e9riel n\u00e9cessaire au massage (huile, farde, al\u00e8ses, etc.)<\/li>\n\n\n\n<li>Signature d\u2019une convention de collaboration pr\u00e9alable<\/li>\n<\/ul>\n\n\n\n<p>Si vous \u00eates une institution qui prend en charge un public pr\u00e9caris\u00e9 et ou isol\u00e9 de jeunes parents entrant dans la cible de Cap 48, nous mettons \u00e0 votre disposition gracieusement notre savoir-faire. Consultez-nous sans engagement.<\/p>\n","protected":false},"excerpt":{"rendered":"<p>Dans le cadre du projet \u201cInclusion et bien-\u00eatre\u201d les Jardins de Maud, subsidi\u00e9s par Cap 48, proposent un partenariat aux institutions bruxelloises. Nous mettons notre savoir-faire et notre savoir-\u00eatre au service de votre public. Le projet \u201cinclusion et bien-\u00eatre\u201d s\u2019inscrit &hellip; <\/p>\n","protected":false},"author":1,"featured_media":0,"parent":0,"menu_order":0,"comment_status":"closed","ping_status":"closed","template":"","meta":{"ngg_post_thumbnail":0,"footnotes":""},"class_list":["post-2103","page","type-page","status-publish","hentry"],"jetpack_sharing_enabled":true,"_links":{"self":[{"href":"https:\/\/lesjardinsdemaud.be\/index.php\/wp-json\/wp\/v2\/pages\/2103","targetHints":{"allow":["GET"]}}],"collection":[{"href":"https:\/\/lesjardinsdemaud.be\/index.php\/wp-json\/wp\/v2\/pages"}],"about":[{"href":"https:\/\/lesjardinsdemaud.be\/index.php\/wp-json\/wp\/v2\/types\/page"}],"author":[{"embeddable":true,"href":"https:\/\/lesjardinsdemaud.be\/index.php\/wp-json\/wp\/v2\/users\/1"}],"replies":[{"embeddable":true,"href":"https:\/\/lesjardinsdemaud.be\/index.php\/wp-json\/wp\/v2\/comments?post=2103"}],"version-history":[{"count":4,"href":"https:\/\/lesjardinsdemaud.be\/index.php\/wp-json\/wp\/v2\/pages\/2103\/revisions"}],"predecessor-version":[{"id":2118,"href":"https:\/\/lesjardinsdemaud.be\/index.php\/wp-json\/wp\/v2\/pages\/2103\/revisions\/2118"}],"wp:attachment":[{"href":"https:\/\/lesjardinsdemaud.be\/index.php\/wp-json\/wp\/v2\/media?parent=2103"}],"curies":[{"name":"wp","href":"https:\/\/api.w.org\/{rel}","templated":true}]}}