{"id":1880,"date":"2024-11-19T13:03:56","date_gmt":"2024-11-19T12:03:56","guid":{"rendered":"https:\/\/lesjardinsdemaud.be\/?page_id=1880"},"modified":"2026-03-20T13:33:32","modified_gmt":"2026-03-20T12:33:32","slug":"inscription-a-notre-lieu-de-rencontre","status":"publish","type":"page","link":"https:\/\/lesjardinsdemaud.be\/index.php\/inscription-a-notre-lieu-de-rencontre\/","title":{"rendered":"Inscription \u00e0 notre lieu de rencontre"},"content":{"rendered":"\n<p><\/p>\n\n\n\n<p>Envie de passer un chouette moment avec votre enfant un de ces samedis! <\/p>\n\n\n\n<p>Pour ce faire remplissez notre formulaire ci dessous, nous vous enverrons un mail de confirmation la semaine pr\u00e9c\u00e9dente. Afin de garder un esprit convivial, nous devons limiter les entr\u00e9es, vous vous trouverez peut \u00eatre parfois en liste d&rsquo;attente. <\/p>\n\n\n\n<p>Pour toute annulation ou tout renseignement, n&rsquo;h\u00e9sitez pas \u00e0 nous contacter par email \u00e0 jdm.lrep@gmail.com. <\/p>\n\n\n\n<p>A tr\u00e8s bient\u00f4t. Toute l&rsquo;\u00e9quipe du LREP<\/p>\n\n\n\n<iframe loading=\"lazy\" src=\"https:\/\/docs.google.com\/forms\/d\/e\/1FAIpQLSctngUbdExiZOwGzjgFunFRZXJLffBTEphWDIN42inKU_DVJw\/viewform?embedded=true\" width=\"640\" height=\"2541\" frameborder=\"0\" marginheight=\"0\" marginwidth=\"0\">Chargement\u2026<\/iframe>\n","protected":false},"excerpt":{"rendered":"<p>Envie de passer un chouette moment avec votre enfant un de ces samedis! Pour ce faire remplissez notre formulaire ci dessous, nous vous enverrons un mail de confirmation la semaine pr\u00e9c\u00e9dente. Afin de garder un esprit convivial, nous devons limiter &hellip; <\/p>\n","protected":false},"author":1,"featured_media":547,"parent":0,"menu_order":0,"comment_status":"closed","ping_status":"closed","template":"","meta":{"ngg_post_thumbnail":0,"footnotes":""},"class_list":["post-1880","page","type-page","status-publish","has-post-thumbnail","hentry"],"jetpack_sharing_enabled":true,"_links":{"self":[{"href":"https:\/\/lesjardinsdemaud.be\/index.php\/wp-json\/wp\/v2\/pages\/1880","targetHints":{"allow":["GET"]}}],"collection":[{"href":"https:\/\/lesjardinsdemaud.be\/index.php\/wp-json\/wp\/v2\/pages"}],"about":[{"href":"https:\/\/lesjardinsdemaud.be\/index.php\/wp-json\/wp\/v2\/types\/page"}],"author":[{"embeddable":true,"href":"https:\/\/lesjardinsdemaud.be\/index.php\/wp-json\/wp\/v2\/users\/1"}],"replies":[{"embeddable":true,"href":"https:\/\/lesjardinsdemaud.be\/index.php\/wp-json\/wp\/v2\/comments?post=1880"}],"version-history":[{"count":20,"href":"https:\/\/lesjardinsdemaud.be\/index.php\/wp-json\/wp\/v2\/pages\/1880\/revisions"}],"predecessor-version":[{"id":2712,"href":"https:\/\/lesjardinsdemaud.be\/index.php\/wp-json\/wp\/v2\/pages\/1880\/revisions\/2712"}],"wp:featuredmedia":[{"embeddable":true,"href":"https:\/\/lesjardinsdemaud.be\/index.php\/wp-json\/wp\/v2\/media\/547"}],"wp:attachment":[{"href":"https:\/\/lesjardinsdemaud.be\/index.php\/wp-json\/wp\/v2\/media?parent=1880"}],"curies":[{"name":"wp","href":"https:\/\/api.w.org\/{rel}","templated":true}]}}